{"id":30,"date":"2016-01-06T16:45:51","date_gmt":"2016-01-06T16:45:51","guid":{"rendered":"http:\/\/bjoerns-views.com\/?page_id=30"},"modified":"2016-01-07T20:43:44","modified_gmt":"2016-01-07T19:43:44","slug":"wer-ich-bin","status":"publish","type":"page","link":"https:\/\/bjoernsviews.com\/?page_id=30","title":{"rendered":"Wer ich bin"},"content":{"rendered":"<p>Mein Name ist Bj\u00f6rn Wolfm\u00fcller. Seit ca. April 2014 besch\u00e4ftige ich mich intensiver mit dem Thema Fotografie. Ausl\u00f6ser daf\u00fcr war der Kauf einer neuen Kamera, der Fujifilm X-E1. Nach den sehr m\u00e4\u00dfig ausgefallenen Fotos von der Abifeier meines \u00e4ltesten Sohnes wollte ich unbedingt ein Equipment besitzen, das mir zuverl\u00e4ssig eine hohe Bildqualit\u00e4t beschert.<\/p>\n<p>Nach wochenlangen Internet-Recherchen zu DSLR-Kameras suchte ich in Worms ein Fachgesch\u00e4ft auf, mit der festen Absicht eine Canon Spiegelreflex-Kamera zu kaufen. Die Beratung dort war, wie ich finde, sehr gut. Der Verk\u00e4ufer \u00fcberzeugte mich von den Vorteilen einer spiegellosen Kamera. Der Vorteil im Vergleich zur DLSR ist ganz klar die Gr\u00f6\u00dfe und das geringere Gewicht der Ausr\u00fcstung. Schlie\u00dflich \u00fcberzeugte mich die Bildqualit\u00e4t der Fuji X-E1, aber auch die Tatsache, dass sie mit einem APS-C Sensor ausgestattet ist, der dem einer DSLR in nichts nachsteht. F\u00fcr 750 Euro bekam ich die X-E1 mit zwei Kit Objektiven, das 18-55 mm und das XC 50-230 mm. Damit war der Grundstein gelegt. Das ist teuer genug, wenn man sich nicht sicher ist, wie intensiv man die Ausr\u00fcstung nutzen wird.<\/p>\n<p><img data-recalc-dims=\"1\" fetchpriority=\"high\" decoding=\"async\" data-attachment-id=\"15\" data-permalink=\"https:\/\/bjoernsviews.com\/?attachment_id=15\" data-orig-file=\"https:\/\/i0.wp.com\/bjoernsviews.com\/wp-content\/uploads\/2016\/01\/Profilbild.jpeg?fit=2048%2C2048&amp;ssl=1\" data-orig-size=\"2048,2048\" data-comments-opened=\"1\" data-image-meta=\"{&quot;aperture&quot;:&quot;0&quot;,&quot;credit&quot;:&quot;&quot;,&quot;camera&quot;:&quot;&quot;,&quot;caption&quot;:&quot;&quot;,&quot;created_timestamp&quot;:&quot;0&quot;,&quot;copyright&quot;:&quot;&quot;,&quot;focal_length&quot;:&quot;0&quot;,&quot;iso&quot;:&quot;0&quot;,&quot;shutter_speed&quot;:&quot;0&quot;,&quot;title&quot;:&quot;&quot;,&quot;orientation&quot;:&quot;0&quot;}\" data-image-title=\"Profilbild\" data-image-description=\"\" data-image-caption=\"&lt;p&gt;Alles Gute kommt von oben&lt;\/p&gt;\n\" data-medium-file=\"https:\/\/i0.wp.com\/bjoernsviews.com\/wp-content\/uploads\/2016\/01\/Profilbild.jpeg?fit=300%2C300&amp;ssl=1\" data-large-file=\"https:\/\/i0.wp.com\/bjoernsviews.com\/wp-content\/uploads\/2016\/01\/Profilbild.jpeg?fit=1024%2C1024&amp;ssl=1\" class=\"alignnone size-medium wp-image-15\" src=\"https:\/\/i0.wp.com\/bjoerns-views.com\/wp-content\/uploads\/2016\/01\/Profilbild-300x300.jpeg?resize=300%2C300\" alt=\"Profilbild\" width=\"300\" height=\"300\" srcset=\"https:\/\/i0.wp.com\/bjoernsviews.com\/wp-content\/uploads\/2016\/01\/Profilbild.jpeg?resize=300%2C300&amp;ssl=1 300w, https:\/\/i0.wp.com\/bjoernsviews.com\/wp-content\/uploads\/2016\/01\/Profilbild.jpeg?resize=150%2C150&amp;ssl=1 150w, https:\/\/i0.wp.com\/bjoernsviews.com\/wp-content\/uploads\/2016\/01\/Profilbild.jpeg?resize=768%2C768&amp;ssl=1 768w, https:\/\/i0.wp.com\/bjoernsviews.com\/wp-content\/uploads\/2016\/01\/Profilbild.jpeg?resize=1024%2C1024&amp;ssl=1 1024w, https:\/\/i0.wp.com\/bjoernsviews.com\/wp-content\/uploads\/2016\/01\/Profilbild.jpeg?resize=1200%2C1200&amp;ssl=1 1200w, https:\/\/i0.wp.com\/bjoernsviews.com\/wp-content\/uploads\/2016\/01\/Profilbild.jpeg?w=2048&amp;ssl=1 2048w\" sizes=\"(max-width: 300px) 100vw, 300px\" \/><\/p>\n<p>Mittlerweile ist die Fotografie mein liebstes Hobby geworden, dem ich fast jede freie Minute widme. Nat\u00fcrlich ist es nicht bei der Ur-Ausr\u00fcstung geblieben. Es sind so manche Teile dazugekommen. Details dazu werde ich so nach und nach auf der Seite <a href=\"http:\/\/bjoerns-views.com\/?page_id=63\">Fotoausr\u00fcstung<\/a> posten.<\/p>\n<p>&nbsp;<\/p>\n<p>&nbsp;<\/p>\n<p>&nbsp;<\/p>\n","protected":false},"excerpt":{"rendered":"<p>Mein Name ist Bj\u00f6rn Wolfm\u00fcller. Seit ca. April 2014 besch\u00e4ftige ich mich intensiver mit dem Thema Fotografie. Ausl\u00f6ser daf\u00fcr war der Kauf einer neuen Kamera, der Fujifilm X-E1. Nach den sehr m\u00e4\u00dfig ausgefallenen Fotos von der Abifeier meines \u00e4ltesten Sohnes wollte ich unbedingt ein Equipment besitzen, das mir zuverl\u00e4ssig eine hohe Bildqualit\u00e4t beschert. Nach wochenlangen&#8230;<\/p>\n<p class=\"more-link-wrap\"><a class=\"more-link\" href=\"https:\/\/bjoernsviews.com\/?page_id=30\">Read More<\/a><\/p>\n","protected":false},"author":1,"featured_media":0,"parent":0,"menu_order":0,"comment_status":"closed","ping_status":"closed","template":"","meta":{"_genesis_hide_title":false,"_genesis_hide_breadcrumbs":false,"_genesis_hide_singular_image":false,"_genesis_hide_footer_widgets":false,"_genesis_custom_body_class":"","_genesis_custom_post_class":"","_genesis_layout":"","ngg_post_thumbnail":0,"footnotes":""},"class_list":{"0":"post-30","1":"page","2":"type-page","3":"status-publish","5":"entry","6":"has-post-thumbnail"},"featured_image_src":null,"featured_image_src_square":null,"jetpack_sharing_enabled":true,"jetpack_shortlink":"https:\/\/wp.me\/Ph4otb-u","jetpack-related-posts":[],"_links":{"self":[{"href":"https:\/\/bjoernsviews.com\/index.php?rest_route=\/wp\/v2\/pages\/30","targetHints":{"allow":["GET"]}}],"collection":[{"href":"https:\/\/bjoernsviews.com\/index.php?rest_route=\/wp\/v2\/pages"}],"about":[{"href":"https:\/\/bjoernsviews.com\/index.php?rest_route=\/wp\/v2\/types\/page"}],"author":[{"embeddable":true,"href":"https:\/\/bjoernsviews.com\/index.php?rest_route=\/wp\/v2\/users\/1"}],"replies":[{"embeddable":true,"href":"https:\/\/bjoernsviews.com\/index.php?rest_route=%2Fwp%2Fv2%2Fcomments&post=30"}],"version-history":[{"count":9,"href":"https:\/\/bjoernsviews.com\/index.php?rest_route=\/wp\/v2\/pages\/30\/revisions"}],"predecessor-version":[{"id":97,"href":"https:\/\/bjoernsviews.com\/index.php?rest_route=\/wp\/v2\/pages\/30\/revisions\/97"}],"wp:attachment":[{"href":"https:\/\/bjoernsviews.com\/index.php?rest_route=%2Fwp%2Fv2%2Fmedia&parent=30"}],"curies":[{"name":"wp","href":"https:\/\/api.w.org\/{rel}","templated":true}]}}